{"id":318,"date":"2024-02-21T18:19:18","date_gmt":"2024-02-21T17:19:18","guid":{"rendered":"https:\/\/lhg-bw.de\/friedrichshafen\/?page_id=318"},"modified":"2024-02-29T16:55:33","modified_gmt":"2024-02-29T15:55:33","slug":"mitglied-werden","status":"publish","type":"page","link":"https:\/\/lhg-bw.de\/friedrichshafen\/mitglied-werden\/","title":{"rendered":"Mitglied werden"},"content":{"rendered":"<div id=\"dslc-theme-content\"><div id=\"dslc-theme-content-inner\"><p>Liebe Kommilitonen,<\/p>\n<p>Ihr interessiert Euch f\u00fcr Politik und Hochschulpolitik, w\u00fcrdet gerne neue Leute kennen lernen und sucht ein liberales Umfeld?<\/p>\n<p>Wir sind die Liberale Hochschulgruppe Friedrichshafen und hei\u00dfen dich gerne Willkommen!<\/p>\n<p>Wenn ihr interessiert seid, k\u00f6nnt ihr unten den Mitgliedschaftsantrag ausf\u00fcllen oder uns unter <a href=\"mailto:info@lhg-friedrichshafen.de\">info[at]lhg-friedrichshafen.de<\/a> schreiben.<\/p>\n<p>Wir freuen uns auf Euch &#x1f603;<\/p>\n<\/div><\/div>","protected":false},"excerpt":{"rendered":"<p>Liebe Kommilitonen, Ihr interessiert Euch f\u00fcr Politik und Hochschulpolitik, w\u00fcrdet gerne neue Leute kennen lernen und sucht ein liberales Umfeld? Wir sind die Liberale Hochschulgruppe Friedrichshafen und hei\u00dfen dich gerne Willkommen! Wenn ihr interessiert seid, k\u00f6nnt ihr unten den Mitgliedschaftsantrag ausf\u00fcllen oder uns unter info[at]lhg-friedrichshafen.de schreiben. Wir freuen uns auf Euch &#x1f603;<\/p>\n","protected":false},"author":1085,"featured_media":0,"parent":0,"menu_order":0,"comment_status":"closed","ping_status":"closed","template":"","meta":{"footnotes":""},"class_list":["post-318","page","type-page","status-publish","hentry"],"_links":{"self":[{"href":"https:\/\/lhg-bw.de\/friedrichshafen\/wp-json\/wp\/v2\/pages\/318","targetHints":{"allow":["GET"]}}],"collection":[{"href":"https:\/\/lhg-bw.de\/friedrichshafen\/wp-json\/wp\/v2\/pages"}],"about":[{"href":"https:\/\/lhg-bw.de\/friedrichshafen\/wp-json\/wp\/v2\/types\/page"}],"author":[{"embeddable":true,"href":"https:\/\/lhg-bw.de\/friedrichshafen\/wp-json\/wp\/v2\/users\/1085"}],"replies":[{"embeddable":true,"href":"https:\/\/lhg-bw.de\/friedrichshafen\/wp-json\/wp\/v2\/comments?post=318"}],"version-history":[{"count":5,"href":"https:\/\/lhg-bw.de\/friedrichshafen\/wp-json\/wp\/v2\/pages\/318\/revisions"}],"predecessor-version":[{"id":353,"href":"https:\/\/lhg-bw.de\/friedrichshafen\/wp-json\/wp\/v2\/pages\/318\/revisions\/353"}],"wp:attachment":[{"href":"https:\/\/lhg-bw.de\/friedrichshafen\/wp-json\/wp\/v2\/media?parent=318"}],"curies":[{"name":"wp","href":"https:\/\/api.w.org\/{rel}","templated":true}]}}