{"id":522,"date":"2014-01-09T12:13:04","date_gmt":"2014-01-09T10:13:04","guid":{"rendered":"http:\/\/lhg-bw.de\/hohenheim\/?page_id=522"},"modified":"2021-03-27T14:51:17","modified_gmt":"2021-03-27T13:51:17","slug":"ehemalige-mitglieder","status":"publish","type":"page","link":"https:\/\/lhg-bw.de\/hohenheim\/ehemalige-mitglieder\/","title":{"rendered":"Alumni"},"content":{"rendered":"<div id=\"dslc-theme-content\"><div id=\"dslc-theme-content-inner\"><p><a href=\"http:\/\/lhg-bw.de\/hohenheim\/files\/2010\/06\/ungerer1.jpg\"><img decoding=\"async\" class=\"alignleft\" src=\"http:\/\/lhg-bw.de\/hohenheim\/files\/2010\/06\/ungerer1.jpg\" alt=\"Michael Ungerer\" width=\"148\" height=\"177\" align=\"left\" \/><\/a><\/p>\n<p>&nbsp;<\/p>\n<p><strong>Michael Ungerer<\/strong><br \/>\nEhrenvorsitzender<\/p>\n<p>&nbsp;<\/p>\n<p>&nbsp;<\/p>\n<p>&nbsp;<\/p>\n<p>&nbsp;<\/p>\n<p><a href=\"https:\/\/lhg-bw.de\/hohenheim\/files\/2017\/12\/CKP4247_b.jpg\"><img decoding=\"async\" class=\"alignleft wp-image-602\" src=\"https:\/\/lhg-bw.de\/hohenheim\/files\/2017\/12\/CKP4247_b-200x300.jpg\" alt=\"\" width=\"142\" height=\"212\" srcset=\"https:\/\/lhg-bw.de\/hohenheim\/files\/2017\/12\/CKP4247_b-200x300.jpg 200w, https:\/\/lhg-bw.de\/hohenheim\/files\/2017\/12\/CKP4247_b-768x1152.jpg 768w, https:\/\/lhg-bw.de\/hohenheim\/files\/2017\/12\/CKP4247_b-683x1024.jpg 683w\" sizes=\"(max-width: 142px) 100vw, 142px\" \/><\/a><\/p>\n<p>&nbsp;<\/p>\n<p><strong>Lutz Gaissmaier<\/strong><\/p>\n<p>ehemaliger Vorsitzender<br \/>\nGr\u00fcnder und Gesch\u00e4ftsf\u00fchrer (gemeinsam mit Mihael Duran) der <a href=\"https:\/\/www.studibuch.de\/inhalte\/24801_Ueber_Studibuch_wer_wir_sind.html\">Studibuch GmbH<\/a><\/p>\n<p>&nbsp;<\/p>\n<p>&nbsp;<\/p>\n<p>&nbsp;<\/p>\n<p><a href=\"http:\/\/lhg-bw.de\/hohenheim\/files\/2011\/10\/Daniel-Eberz-LHG-Hohenheim.jpg\"><img decoding=\"async\" class=\"wp-image-567 alignleft\" src=\"http:\/\/lhg-bw.de\/hohenheim\/files\/2011\/10\/Daniel-Eberz-LHG-Hohenheim-188x300.jpg\" alt=\"Daniel Eberz LHG Hohenheim\" width=\"148\" height=\"236\" srcset=\"https:\/\/lhg-bw.de\/hohenheim\/files\/2011\/10\/Daniel-Eberz-LHG-Hohenheim-188x300.jpg 188w, https:\/\/lhg-bw.de\/hohenheim\/files\/2011\/10\/Daniel-Eberz-LHG-Hohenheim.jpg 582w\" sizes=\"(max-width: 148px) 100vw, 148px\" \/><\/a><\/p>\n<p>&nbsp;<\/p>\n<p><strong>Daniel Eberz<\/strong><br \/>\nehemaliger Vorsitzender<\/p>\n<p>&nbsp;<\/p>\n<p>&nbsp;<\/p>\n<p>&nbsp;<\/p>\n<p>&nbsp;<\/p>\n<p>&nbsp;<\/p>\n<p><a href=\"http:\/\/lhg-bw.de\/hohenheim\/files\/2012\/09\/000-Christian-Lohse.jpg\"><img decoding=\"async\" class=\"wp-image-189 alignleft\" src=\"http:\/\/lhg-bw.de\/hohenheim\/files\/2012\/09\/000-Christian-Lohse-256x300.jpg\" alt=\"000 - Christian Lohse\" width=\"148\" height=\"174\" srcset=\"https:\/\/lhg-bw.de\/hohenheim\/files\/2012\/09\/000-Christian-Lohse-256x300.jpg 256w, https:\/\/lhg-bw.de\/hohenheim\/files\/2012\/09\/000-Christian-Lohse-874x1024.jpg 874w, https:\/\/lhg-bw.de\/hohenheim\/files\/2012\/09\/000-Christian-Lohse.jpg 1033w\" sizes=\"(max-width: 148px) 100vw, 148px\" \/><\/a><\/p>\n<p>&nbsp;<\/p>\n<p><strong>Christian Lohse<\/strong><br \/>\nehemaliger Vorsitzender<\/p>\n<p>&nbsp;<\/p>\n<p>&nbsp;<\/p>\n<p>&nbsp;<\/p>\n<p>&nbsp;<\/p>\n<p><a href=\"http:\/\/lhg-bw.de\/hohenheim\/files\/2012\/09\/bild_andi11.jpg\"><img decoding=\"async\" class=\"wp-image-180 alignleft\" src=\"http:\/\/lhg-bw.de\/hohenheim\/files\/2012\/09\/bild_andi11-152x300.jpg\" alt=\"bild_andi1\" width=\"148\" height=\"292\" srcset=\"https:\/\/lhg-bw.de\/hohenheim\/files\/2012\/09\/bild_andi11-152x300.jpg 152w, https:\/\/lhg-bw.de\/hohenheim\/files\/2012\/09\/bild_andi11.jpg 300w\" sizes=\"(max-width: 148px) 100vw, 148px\" \/><\/a><\/p>\n<p>&nbsp;<\/p>\n<p><strong>Andreas Fischer<\/strong><br \/>\nehemaliger Vorsitzender<\/p>\n<p>&nbsp;<\/p>\n<p>&nbsp;<\/p>\n<p>&nbsp;<\/p>\n<p>&nbsp;<\/p>\n<p>&nbsp;<\/p>\n<p>&nbsp;<\/p>\n<p>&nbsp;<\/p>\n<p><a style=\"font-weight: 300\" href=\"http:\/\/lhg-bw.de\/hohenheim\/files\/\/2009\/06\/neues-bild.png\"><img decoding=\"async\" class=\"wp-image-49 alignleft\" src=\"http:\/\/lhg-bw.de\/hohenheim\/files\/\/2009\/06\/neues-bild.png\" alt=\"neues-bild.png\" width=\"148\" height=\"178\" \/><\/a><\/p>\n<p><strong><a href=\"http:\/\/mihael-duran.de\">Mihael Duran<\/a><\/strong><br \/>\nehemaliges Mitglied im LHG Bundesvorstand<br \/>\nGr\u00fcnder und Gesch\u00e4ftsf\u00fchrer (gemeinsam mit Lutz Gaissmaier) der <a href=\"https:\/\/www.studibuch.de\/inhalte\/24801_Ueber_Studibuch_wer_wir_sind.html\">Studibuch GmbH<\/a><\/p>\n<p>&nbsp;<\/p>\n<p>&nbsp;<\/p>\n<p>&nbsp;<\/p>\n<p>&nbsp;<\/p>\n<p><a href=\"http:\/\/lhg-bw.de\/hohenheim\/files\/\/2011\/04\/dsc02908.JPG\"><img decoding=\"async\" class=\"wp-image-123 aligncenter\" src=\"http:\/\/lhg-bw.de\/hohenheim\/files\/\/2011\/04\/dsc02908.JPG\" alt=\"dsc02908.JPG\" width=\"690\" height=\"517\" \/><\/a><\/p>\n<p style=\"text-align: center\">v.l.n.r.: Lutz Gaissmaier, Christian Lohse, Michael Ungerer, Marius Zeyher, Andreas Fischer, Daniel Eberz<\/p>\n<\/div><\/div>","protected":false},"excerpt":{"rendered":"<p>&nbsp; Michael Ungerer Ehrenvorsitzender &nbsp; &nbsp; &nbsp; &nbsp; &nbsp; Lutz Gaissmaier ehemaliger Vorsitzender Gr\u00fcnder und Gesch\u00e4ftsf\u00fchrer (gemeinsam mit Mihael Duran) der Studibuch GmbH &nbsp; &nbsp; &nbsp; &nbsp; Daniel Eberz ehemaliger Vorsitzender &nbsp; &nbsp; &nbsp; &nbsp; &nbsp; &nbsp; Christian Lohse ehemaliger Vorsitzender &nbsp; &nbsp; &nbsp; &nbsp; &nbsp; Andreas Fischer ehemaliger Vorsitzender &nbsp; &nbsp; &nbsp; &nbsp; &nbsp; [&hellip;]<\/p>\n","protected":false},"author":289,"featured_media":0,"parent":0,"menu_order":0,"comment_status":"open","ping_status":"open","template":"","meta":{"footnotes":""},"class_list":["post-522","page","type-page","status-publish","hentry"],"_links":{"self":[{"href":"https:\/\/lhg-bw.de\/hohenheim\/wp-json\/wp\/v2\/pages\/522","targetHints":{"allow":["GET"]}}],"collection":[{"href":"https:\/\/lhg-bw.de\/hohenheim\/wp-json\/wp\/v2\/pages"}],"about":[{"href":"https:\/\/lhg-bw.de\/hohenheim\/wp-json\/wp\/v2\/types\/page"}],"author":[{"embeddable":true,"href":"https:\/\/lhg-bw.de\/hohenheim\/wp-json\/wp\/v2\/users\/289"}],"replies":[{"embeddable":true,"href":"https:\/\/lhg-bw.de\/hohenheim\/wp-json\/wp\/v2\/comments?post=522"}],"version-history":[{"count":14,"href":"https:\/\/lhg-bw.de\/hohenheim\/wp-json\/wp\/v2\/pages\/522\/revisions"}],"predecessor-version":[{"id":809,"href":"https:\/\/lhg-bw.de\/hohenheim\/wp-json\/wp\/v2\/pages\/522\/revisions\/809"}],"wp:attachment":[{"href":"https:\/\/lhg-bw.de\/hohenheim\/wp-json\/wp\/v2\/media?parent=522"}],"curies":[{"name":"wp","href":"https:\/\/api.w.org\/{rel}","templated":true}]}}

<div id="dslc-theme-content"><div id="dslc-theme-content-inner"><p><a href="http://lhg-bw.de/hohenheim/files/2010/06/ungerer1.jpg"><img decoding="async" class="alignleft" src="http://lhg-bw.de/hohenheim/files/2010/06/ungerer1.jpg" alt="Michael Ungerer" width="148" height="177" align="left" /></a></p>
<p>&nbsp;</p>
<p><strong>Michael Ungerer</strong><br />
Ehrenvorsitzender</p>
<p>&nbsp;</p>
<p>&nbsp;</p>
<p>&nbsp;</p>
<p>&nbsp;</p>
<p><a href="https://lhg-bw.de/hohenheim/files/2017/12/CKP4247_b.jpg"><img decoding="async" class="alignleft wp-image-602" src="https://lhg-bw.de/hohenheim/files/2017/12/CKP4247_b-200x300.jpg" alt="" width="142" height="212" srcset="https://lhg-bw.de/hohenheim/files/2017/12/CKP4247_b-200x300.jpg 200w, https://lhg-bw.de/hohenheim/files/2017/12/CKP4247_b-768x1152.jpg 768w, https://lhg-bw.de/hohenheim/files/2017/12/CKP4247_b-683x1024.jpg 683w" sizes="(max-width: 142px) 100vw, 142px" /></a></p>
<p>&nbsp;</p>
<p><strong>Lutz Gaissmaier</strong></p>
<p>ehemaliger Vorsitzender<br />
Gründer und Geschäftsführer (gemeinsam mit Mihael Duran) der <a href="https://www.studibuch.de/inhalte/24801_Ueber_Studibuch_wer_wir_sind.html">Studibuch GmbH</a></p>
<p>&nbsp;</p>
<p>&nbsp;</p>
<p>&nbsp;</p>
<p><a href="http://lhg-bw.de/hohenheim/files/2011/10/Daniel-Eberz-LHG-Hohenheim.jpg"><img decoding="async" class="wp-image-567 alignleft" src="http://lhg-bw.de/hohenheim/files/2011/10/Daniel-Eberz-LHG-Hohenheim-188x300.jpg" alt="Daniel Eberz LHG Hohenheim" width="148" height="236" srcset="https://lhg-bw.de/hohenheim/files/2011/10/Daniel-Eberz-LHG-Hohenheim-188x300.jpg 188w, https://lhg-bw.de/hohenheim/files/2011/10/Daniel-Eberz-LHG-Hohenheim.jpg 582w" sizes="(max-width: 148px) 100vw, 148px" /></a></p>
<p>&nbsp;</p>
<p><strong>Daniel Eberz</strong><br />
ehemaliger Vorsitzender</p>
<p>&nbsp;</p>
<p>&nbsp;</p>
<p>&nbsp;</p>
<p>&nbsp;</p>
<p>&nbsp;</p>
<p><a href="http://lhg-bw.de/hohenheim/files/2012/09/000-Christian-Lohse.jpg"><img decoding="async" class="wp-image-189 alignleft" src="http://lhg-bw.de/hohenheim/files/2012/09/000-Christian-Lohse-256x300.jpg" alt="000 - Christian Lohse" width="148" height="174" srcset="https://lhg-bw.de/hohenheim/files/2012/09/000-Christian-Lohse-256x300.jpg 256w, https://lhg-bw.de/hohenheim/files/2012/09/000-Christian-Lohse-874x1024.jpg 874w, https://lhg-bw.de/hohenheim/files/2012/09/000-Christian-Lohse.jpg 1033w" sizes="(max-width: 148px) 100vw, 148px" /></a></p>
<p>&nbsp;</p>
<p><strong>Christian Lohse</strong><br />
ehemaliger Vorsitzender</p>
<p>&nbsp;</p>
<p>&nbsp;</p>
<p>&nbsp;</p>
<p>&nbsp;</p>
<p><a href="http://lhg-bw.de/hohenheim/files/2012/09/bild_andi11.jpg"><img decoding="async" class="wp-image-180 alignleft" src="http://lhg-bw.de/hohenheim/files/2012/09/bild_andi11-152x300.jpg" alt="bild_andi1" width="148" height="292" srcset="https://lhg-bw.de/hohenheim/files/2012/09/bild_andi11-152x300.jpg 152w, https://lhg-bw.de/hohenheim/files/2012/09/bild_andi11.jpg 300w" sizes="(max-width: 148px) 100vw, 148px" /></a></p>
<p>&nbsp;</p>
<p><strong>Andreas Fischer</strong><br />
ehemaliger Vorsitzender</p>
<p>&nbsp;</p>
<p>&nbsp;</p>
<p>&nbsp;</p>
<p>&nbsp;</p>
<p>&nbsp;</p>
<p>&nbsp;</p>
<p>&nbsp;</p>
<p><a style="font-weight: 300" href="http://lhg-bw.de/hohenheim/files//2009/06/neues-bild.png"><img decoding="async" class="wp-image-49 alignleft" src="http://lhg-bw.de/hohenheim/files//2009/06/neues-bild.png" alt="neues-bild.png" width="148" height="178" /></a></p>
<p><strong><a href="http://mihael-duran.de">Mihael Duran</a></strong><br />
ehemaliges Mitglied im LHG Bundesvorstand<br />
Gründer und Geschäftsführer (gemeinsam mit Lutz Gaissmaier) der <a href="https://www.studibuch.de/inhalte/24801_Ueber_Studibuch_wer_wir_sind.html">Studibuch GmbH</a></p>
<p>&nbsp;</p>
<p>&nbsp;</p>
<p>&nbsp;</p>
<p>&nbsp;</p>
<p><a href="http://lhg-bw.de/hohenheim/files//2011/04/dsc02908.JPG"><img decoding="async" class="wp-image-123 aligncenter" src="http://lhg-bw.de/hohenheim/files//2011/04/dsc02908.JPG" alt="dsc02908.JPG" width="690" height="517" /></a></p>
<p style="text-align: center">v.l.n.r.: Lutz Gaissmaier, Christian Lohse, Michael Ungerer, Marius Zeyher, Andreas Fischer, Daniel Eberz</p>
</div></div>

<p>&nbsp; Michael Ungerer Ehrenvorsitzender &nbsp; &nbsp; &nbsp; &nbsp; &nbsp; Lutz Gaissmaier ehemaliger Vorsitzender Gründer und Geschäftsführer (gemeinsam mit Mihael Duran) der Studibuch GmbH &nbsp; &nbsp; &nbsp; &nbsp; Daniel Eberz ehemaliger Vorsitzender &nbsp; &nbsp; &nbsp; &nbsp; &nbsp; &nbsp; Christian Lohse ehemaliger Vorsitzender &nbsp; &nbsp; &nbsp; &nbsp; &nbsp; Andreas Fischer ehemaliger Vorsitzender &nbsp; &nbsp; &nbsp; &nbsp; &nbsp; [&hellip;]</p>
