{"id":902,"date":"2024-07-18T01:37:33","date_gmt":"2024-07-17T23:37:33","guid":{"rendered":"https:\/\/lhg-bw.de\/hohenheim\/?page_id=902"},"modified":"2024-07-18T02:14:42","modified_gmt":"2024-07-18T00:14:42","slug":"mitglied-werden","status":"publish","type":"page","link":"https:\/\/lhg-bw.de\/hohenheim\/mitglied-werden\/","title":{"rendered":"Mitglied werden"},"content":{"rendered":"<div id=\"dslc-theme-content\"><div id=\"dslc-theme-content-inner\"><p>Du interessierst dich f\u00fcr liberale (Hochschul-)Politik und willst gerne neue Leute mit \u00e4hnlichem Wertebild an der Uni Hohenheim kennenlernen?<\/p>\n<p><strong>Werde jetzt LHG-Mitglied! <\/strong>Wir hei\u00dfen dich gerne Willkommen!<\/p>\n<p>Neben Hochschulpolitik organisieren wir Events wie etwa Vortr\u00e4ge und unternehmen andere Aktivit\u00e4ten &#8211; je nachdem worauf unsere Mitglieder Lust haben.<\/p>\n<p>Die Mitgliedschaft bei der LHG ist in Hohenheim absolut kostenlos.<\/p>\n<\/div><\/div>","protected":false},"excerpt":{"rendered":"<p>Du interessierst dich f\u00fcr liberale (Hochschul-)Politik und willst gerne neue Leute mit \u00e4hnlichem Wertebild an der Uni Hohenheim kennenlernen? Werde jetzt LHG-Mitglied! Wir hei\u00dfen dich gerne Willkommen! Neben Hochschulpolitik organisieren wir Events wie etwa Vortr\u00e4ge und unternehmen andere Aktivit\u00e4ten &#8211; je nachdem worauf unsere Mitglieder Lust haben. Die Mitgliedschaft bei der LHG ist in Hohenheim [&hellip;]<\/p>\n","protected":false},"author":1085,"featured_media":0,"parent":0,"menu_order":0,"comment_status":"closed","ping_status":"closed","template":"","meta":{"footnotes":""},"class_list":["post-902","page","type-page","status-publish","hentry"],"_links":{"self":[{"href":"https:\/\/lhg-bw.de\/hohenheim\/wp-json\/wp\/v2\/pages\/902","targetHints":{"allow":["GET"]}}],"collection":[{"href":"https:\/\/lhg-bw.de\/hohenheim\/wp-json\/wp\/v2\/pages"}],"about":[{"href":"https:\/\/lhg-bw.de\/hohenheim\/wp-json\/wp\/v2\/types\/page"}],"author":[{"embeddable":true,"href":"https:\/\/lhg-bw.de\/hohenheim\/wp-json\/wp\/v2\/users\/1085"}],"replies":[{"embeddable":true,"href":"https:\/\/lhg-bw.de\/hohenheim\/wp-json\/wp\/v2\/comments?post=902"}],"version-history":[{"count":4,"href":"https:\/\/lhg-bw.de\/hohenheim\/wp-json\/wp\/v2\/pages\/902\/revisions"}],"predecessor-version":[{"id":908,"href":"https:\/\/lhg-bw.de\/hohenheim\/wp-json\/wp\/v2\/pages\/902\/revisions\/908"}],"wp:attachment":[{"href":"https:\/\/lhg-bw.de\/hohenheim\/wp-json\/wp\/v2\/media?parent=902"}],"curies":[{"name":"wp","href":"https:\/\/api.w.org\/{rel}","templated":true}]}}