{"id":95,"date":"2008-05-08T21:36:50","date_gmt":"2008-05-08T20:36:50","guid":{"rendered":"http:\/\/lhg-bw.de\/karlsruhe\/impressum\/"},"modified":"2024-01-04T06:17:26","modified_gmt":"2024-01-04T05:17:26","slug":"impressum","status":"publish","type":"page","link":"https:\/\/lhg-bw.de\/karlsruhe\/impressum\/","title":{"rendered":"Impressum"},"content":{"rendered":"<div id=\"dslc-theme-content\"><div id=\"dslc-theme-content-inner\"><p>Liberale Hochschulgruppe Karlsruhe (LHG Karlsruhe)<br \/>\nc\/o AStA Uni Karlsruhe \u2013 Adenauerring 7 &#8211; 76131 Karlsruhe<br \/>\nTel.: +49 721 60848460<br \/>\nE-Mail: alexander.hallitschke@lhg-karlsruhe.de<br \/>\nInternet: www.lhg-karlsruhe.de<\/p>\n<p>Inhaltlich Verantwortlicher gem\u00e4\u00df \u00a7 55 Abs. 2 RStV: Alexander Hallitschke (Anschrift wie oben)<\/p>\n<p>Die auf unseren Seiten zur Verf\u00fcgung gestellten Informationen dienen der politischen Willensbildung und der Unterrichtung der \u00d6ffentlichkeit. Sie geben die Meinung der Liberalen Hochschulgruppe Karlsruhe bzw. der genannten Personen wieder.<\/p>\n<p>Hinweise auf fremde Seiten, zu denen wir lediglich den Zugang zur Nutzung im Sinne des Telemediengesetzes vermitteln, werden ausschlie\u00dflich zu Zwecken der politischen Bildung und politischen Information angegeben.<\/p>\n<p><strong>Haftungshinweis<\/strong><\/p>\n<p>Trotz sorgf\u00e4ltiger inhaltlicher Kontrolle \u00fcbernehmen wir keine Haftung f\u00fcr die Inhalte externer Links. F\u00fcr den Inhalt der verlinkten Seiten sind ausschlie\u00dflich deren Betreiber verantwortlich.<\/p>\n<p>Die von uns durchgef\u00fchrten Meinungsumfragen sind nicht repr\u00e4sentativ.<\/p>\n<p>Bitte beachten Sie, dass \u00dcbermittlungen per E-Mail nicht gegen die Kenntnisnahme durch Dritte gesch\u00fctzt sind.<\/p>\n<p>Verwendung von Facebook-Plugins<br \/>\nAuf diesen Internetseiten werden Plugins des sozialen Netzwerkes facebook.com verwendet, das von der Facebook Inc., 1601 S. California Ave, Palo Alto, CA 94304, USA betrieben wird (\u201dFacebook\u201d).<br \/>\nWenn Sie mit einen solchen Plugin versehene Internetseiten unserer Internetpr\u00e4senz aufrufen, wird eine Verbindung zu den Facebook-Servern hergestellt und dabei das Plugin durch Mitteilung an Ihren Browser auf der Internetseite dargestellt. Hierdurch wird an den Facebook-Server \u00fcbermittelt, welche unserer Internetseiten Sie besucht haben. Sind Sie dabei als Mitglied bei Facebook eingeloggt, ordnet Facebook diese Information Ihrem pers\u00f6nlichen Facebook-Benutzerkonto zu. Bei der Nutzung der Plugin-Funktionen (z.B. Anklicken des \u201eGef\u00e4llt mir\u201c-Buttons, Abgabe eines Kommentars) werden auch diese Informationen Ihrem Facebook-Konto zugeordnet, was Sie nur durch Ausloggen vor Nutzung des Plugins verhindern k\u00f6nnen.<br \/>\nN\u00e4here Informationen zur Erhebung und Nutzung der Daten durch Facebook, \u00fcber Ihre diesbez\u00fcglichen Rechte M\u00f6glichkeiten zum Schutz Ihrer Privatsph\u00e4re finden Sie in den Datenschutzhinweisen von Facebook.<\/p>\n<p><strong>Design und Content Management<\/strong><\/p>\n<p>Diese Seiten basieren auf dem Content Management System\u00a0<a href=\"http:\/\/wpde.org\/\">WordPress<\/a>. Bei Fehlern oder \u00c4nderungsw\u00fcnschen bitte E-Mail an: admin(\u00e4t)lhg-bw.de.<\/p>\n<\/div><\/div>","protected":false},"excerpt":{"rendered":"<p>Liberale Hochschulgruppe Karlsruhe (LHG Karlsruhe) c\/o AStA Uni Karlsruhe \u2013 Adenauerring 7 &#8211; 76131 Karlsruhe Tel.: +49 721 60848460 E-Mail: alexander.hallitschke@lhg-karlsruhe.de Internet: www.lhg-karlsruhe.de Inhaltlich Verantwortlicher gem\u00e4\u00df \u00a7 55 Abs. 2 RStV: Alexander Hallitschke (Anschrift wie oben) Die auf unseren Seiten zur Verf\u00fcgung gestellten Informationen dienen der politischen Willensbildung und der Unterrichtung der \u00d6ffentlichkeit. Sie geben [&hellip;]<\/p>\n","protected":false},"author":10,"featured_media":0,"parent":0,"menu_order":5,"comment_status":"closed","ping_status":"open","template":"","meta":{"footnotes":""},"class_list":["post-95","page","type-page","status-publish","hentry"],"yoast_head":"<!-- This site is optimized with the Yoast SEO plugin v22.3 - https:\/\/yoast.com\/wordpress\/plugins\/seo\/ -->\n<title>Impressum - LHG Karlsruhe<\/title>\n<meta name=\"robots\" content=\"index, follow, max-snippet:-1, max-image-preview:large, max-video-preview:-1\" \/>\n<link rel=\"canonical\" href=\"https:\/\/lhg-bw.de\/karlsruhe\/impressum\/\" \/>\n<meta property=\"og:locale\" content=\"de_DE\" \/>\n<meta property=\"og:type\" content=\"article\" \/>\n<meta property=\"og:title\" content=\"Impressum - LHG Karlsruhe\" \/>\n<meta property=\"og:description\" content=\"Liberale Hochschulgruppe Karlsruhe (LHG Karlsruhe) c\/o AStA Uni Karlsruhe \u2013 Adenauerring 7 &#8211; 76131 Karlsruhe Tel.: +49 721 60848460 E-Mail: alexander.hallitschke@lhg-karlsruhe.de Internet: www.lhg-karlsruhe.de Inhaltlich Verantwortlicher gem\u00e4\u00df \u00a7 55 Abs. 2 RStV: Alexander Hallitschke (Anschrift wie oben) Die auf unseren Seiten zur Verf\u00fcgung gestellten Informationen dienen der politischen Willensbildung und der Unterrichtung der \u00d6ffentlichkeit. Sie geben [&hellip;]\" \/>\n<meta property=\"og:url\" content=\"https:\/\/lhg-bw.de\/karlsruhe\/impressum\/\" \/>\n<meta property=\"og:site_name\" content=\"LHG Karlsruhe\" \/>\n<meta property=\"article:modified_time\" content=\"2024-01-04T05:17:26+00:00\" \/>\n<meta property=\"og:image\" content=\"https:\/\/lhg-bw.de\/karlsruhe\/files\/2024\/04\/1712077509853891676212056.jpg\" \/>\n\t<meta property=\"og:image:width\" content=\"768\" \/>\n\t<meta property=\"og:image:height\" content=\"768\" \/>\n\t<meta property=\"og:image:type\" content=\"image\/jpeg\" \/>\n<meta name=\"twitter:card\" content=\"summary_large_image\" \/>\n<meta name=\"twitter:label1\" content=\"Gesch\u00e4tzte Lesezeit\" \/>\n\t<meta name=\"twitter:data1\" content=\"2\u00a0Minuten\" \/>\n<script type=\"application\/ld+json\" class=\"yoast-schema-graph\">{\"@context\":\"https:\/\/schema.org\",\"@graph\":[{\"@type\":\"WebPage\",\"@id\":\"https:\/\/lhg-bw.de\/karlsruhe\/impressum\/\",\"url\":\"https:\/\/lhg-bw.de\/karlsruhe\/impressum\/\",\"name\":\"Impressum - LHG Karlsruhe\",\"isPartOf\":{\"@id\":\"https:\/\/lhg-bw.de\/karlsruhe\/#website\"},\"datePublished\":\"2008-05-08T20:36:50+00:00\",\"dateModified\":\"2024-01-04T05:17:26+00:00\",\"breadcrumb\":{\"@id\":\"https:\/\/lhg-bw.de\/karlsruhe\/impressum\/#breadcrumb\"},\"inLanguage\":\"de\",\"potentialAction\":[{\"@type\":\"ReadAction\",\"target\":[\"https:\/\/lhg-bw.de\/karlsruhe\/impressum\/\"]}]},{\"@type\":\"BreadcrumbList\",\"@id\":\"https:\/\/lhg-bw.de\/karlsruhe\/impressum\/#breadcrumb\",\"itemListElement\":[{\"@type\":\"ListItem\",\"position\":1,\"name\":\"Startseite\",\"item\":\"https:\/\/lhg-bw.de\/karlsruhe\/\"},{\"@type\":\"ListItem\",\"position\":2,\"name\":\"Impressum\"}]},{\"@type\":\"WebSite\",\"@id\":\"https:\/\/lhg-bw.de\/karlsruhe\/#website\",\"url\":\"https:\/\/lhg-bw.de\/karlsruhe\/\",\"name\":\"Liberale Hochschulgruppe Karlsruhe\",\"description\":\"Wilkommen bei der LHG Karlsruhe!\",\"publisher\":{\"@id\":\"https:\/\/lhg-bw.de\/karlsruhe\/#organization\"},\"alternateName\":\"LHG Karlsruhe\",\"potentialAction\":[{\"@type\":\"SearchAction\",\"target\":{\"@type\":\"EntryPoint\",\"urlTemplate\":\"https:\/\/lhg-bw.de\/karlsruhe\/?s={search_term_string}\"},\"query-input\":\"required name=search_term_string\"}],\"inLanguage\":\"de\"},{\"@type\":\"Organization\",\"@id\":\"https:\/\/lhg-bw.de\/karlsruhe\/#organization\",\"name\":\"Liberale Hochschulgruppe Karlsruhe\",\"alternateName\":\"LHG Karlsruhe\",\"url\":\"https:\/\/lhg-bw.de\/karlsruhe\/\",\"logo\":{\"@type\":\"ImageObject\",\"inLanguage\":\"de\",\"@id\":\"https:\/\/lhg-bw.de\/karlsruhe\/#\/schema\/logo\/image\/\",\"url\":\"https:\/\/lhg-bw.de\/karlsruhe\/files\/2025\/06\/LHG-Logo-Website.png\",\"contentUrl\":\"https:\/\/lhg-bw.de\/karlsruhe\/files\/2025\/06\/LHG-Logo-Website.png\",\"width\":2200,\"height\":600,\"caption\":\"Liberale Hochschulgruppe Karlsruhe\"},\"image\":{\"@id\":\"https:\/\/lhg-bw.de\/karlsruhe\/#\/schema\/logo\/image\/\"},\"sameAs\":[\"https:\/\/www.instagram.com\/lhg_karlsruhe\/\"]}]}<\/script>\n<!-- \/ Yoast SEO plugin. -->","yoast_head_json":{"title":"Impressum - LHG Karlsruhe","robots":{"index":"index","follow":"follow","max-snippet":"max-snippet:-1","max-image-preview":"max-image-preview:large","max-video-preview":"max-video-preview:-1"},"canonical":"https:\/\/lhg-bw.de\/karlsruhe\/impressum\/","og_locale":"de_DE","og_type":"article","og_title":"Impressum - LHG Karlsruhe","og_description":"Liberale Hochschulgruppe Karlsruhe (LHG Karlsruhe) c\/o AStA Uni Karlsruhe \u2013 Adenauerring 7 &#8211; 76131 Karlsruhe Tel.: +49 721 60848460 E-Mail: alexander.hallitschke@lhg-karlsruhe.de Internet: www.lhg-karlsruhe.de Inhaltlich Verantwortlicher gem\u00e4\u00df \u00a7 55 Abs. 2 RStV: Alexander Hallitschke (Anschrift wie oben) Die auf unseren Seiten zur Verf\u00fcgung gestellten Informationen dienen der politischen Willensbildung und der Unterrichtung der \u00d6ffentlichkeit. Sie geben [&hellip;]","og_url":"https:\/\/lhg-bw.de\/karlsruhe\/impressum\/","og_site_name":"LHG Karlsruhe","article_modified_time":"2024-01-04T05:17:26+00:00","og_image":[{"width":768,"height":768,"url":"https:\/\/lhg-bw.de\/karlsruhe\/files\/2024\/04\/1712077509853891676212056.jpg","type":"image\/jpeg"}],"twitter_card":"summary_large_image","twitter_misc":{"Gesch\u00e4tzte Lesezeit":"2\u00a0Minuten"},"schema":{"@context":"https:\/\/schema.org","@graph":[{"@type":"WebPage","@id":"https:\/\/lhg-bw.de\/karlsruhe\/impressum\/","url":"https:\/\/lhg-bw.de\/karlsruhe\/impressum\/","name":"Impressum - LHG Karlsruhe","isPartOf":{"@id":"https:\/\/lhg-bw.de\/karlsruhe\/#website"},"datePublished":"2008-05-08T20:36:50+00:00","dateModified":"2024-01-04T05:17:26+00:00","breadcrumb":{"@id":"https:\/\/lhg-bw.de\/karlsruhe\/impressum\/#breadcrumb"},"inLanguage":"de","potentialAction":[{"@type":"ReadAction","target":["https:\/\/lhg-bw.de\/karlsruhe\/impressum\/"]}]},{"@type":"BreadcrumbList","@id":"https:\/\/lhg-bw.de\/karlsruhe\/impressum\/#breadcrumb","itemListElement":[{"@type":"ListItem","position":1,"name":"Startseite","item":"https:\/\/lhg-bw.de\/karlsruhe\/"},{"@type":"ListItem","position":2,"name":"Impressum"}]},{"@type":"WebSite","@id":"https:\/\/lhg-bw.de\/karlsruhe\/#website","url":"https:\/\/lhg-bw.de\/karlsruhe\/","name":"Liberale Hochschulgruppe Karlsruhe","description":"Wilkommen bei der LHG Karlsruhe!","publisher":{"@id":"https:\/\/lhg-bw.de\/karlsruhe\/#organization"},"alternateName":"LHG Karlsruhe","potentialAction":[{"@type":"SearchAction","target":{"@type":"EntryPoint","urlTemplate":"https:\/\/lhg-bw.de\/karlsruhe\/?s={search_term_string}"},"query-input":"required name=search_term_string"}],"inLanguage":"de"},{"@type":"Organization","@id":"https:\/\/lhg-bw.de\/karlsruhe\/#organization","name":"Liberale Hochschulgruppe Karlsruhe","alternateName":"LHG Karlsruhe","url":"https:\/\/lhg-bw.de\/karlsruhe\/","logo":{"@type":"ImageObject","inLanguage":"de","@id":"https:\/\/lhg-bw.de\/karlsruhe\/#\/schema\/logo\/image\/","url":"https:\/\/lhg-bw.de\/karlsruhe\/files\/2025\/06\/LHG-Logo-Website.png","contentUrl":"https:\/\/lhg-bw.de\/karlsruhe\/files\/2025\/06\/LHG-Logo-Website.png","width":2200,"height":600,"caption":"Liberale Hochschulgruppe Karlsruhe"},"image":{"@id":"https:\/\/lhg-bw.de\/karlsruhe\/#\/schema\/logo\/image\/"},"sameAs":["https:\/\/www.instagram.com\/lhg_karlsruhe\/"]}]}},"_links":{"self":[{"href":"https:\/\/lhg-bw.de\/karlsruhe\/wp-json\/wp\/v2\/pages\/95","targetHints":{"allow":["GET"]}}],"collection":[{"href":"https:\/\/lhg-bw.de\/karlsruhe\/wp-json\/wp\/v2\/pages"}],"about":[{"href":"https:\/\/lhg-bw.de\/karlsruhe\/wp-json\/wp\/v2\/types\/page"}],"author":[{"embeddable":true,"href":"https:\/\/lhg-bw.de\/karlsruhe\/wp-json\/wp\/v2\/users\/10"}],"replies":[{"embeddable":true,"href":"https:\/\/lhg-bw.de\/karlsruhe\/wp-json\/wp\/v2\/comments?post=95"}],"version-history":[{"count":18,"href":"https:\/\/lhg-bw.de\/karlsruhe\/wp-json\/wp\/v2\/pages\/95\/revisions"}],"predecessor-version":[{"id":769,"href":"https:\/\/lhg-bw.de\/karlsruhe\/wp-json\/wp\/v2\/pages\/95\/revisions\/769"}],"wp:attachment":[{"href":"https:\/\/lhg-bw.de\/karlsruhe\/wp-json\/wp\/v2\/media?parent=95"}],"curies":[{"name":"wp","href":"https:\/\/api.w.org\/{rel}","templated":true}]}}