{"id":1330,"date":"2020-05-20T18:14:10","date_gmt":"2020-05-20T17:14:10","guid":{"rendered":"https:\/\/lhg-bw.de\/konstanz\/?page_id=1330"},"modified":"2024-01-03T18:53:29","modified_gmt":"2024-01-03T17:53:29","slug":"willkommen-2","status":"publish","type":"page","link":"https:\/\/lhg-bw.de\/konstanz\/","title":{"rendered":"Willkommen bei der LHG Konstanz!"},"content":{"rendered":"<div id=\"dslc-theme-content\"><div id=\"dslc-theme-content-inner\"><p style=\"text-align: center;\"><span style=\"text-align: center;\">Nach langer Zeit bl\u00fcht unser sch\u00f6ner Campus wieder und wir freuen uns m\u00f6glichst viele von Euch kennenzulernen. Falls auch Du Lust hast, Teil der liberalen Stimme an der Uni Konstanz zu werden, dann schreibe uns doch gerne eine E-Mail an liberale.hsg@uni-konstanz.de oder f\u00fclle das Kontaktformular aus.<\/span><\/p>\n<p style=\"text-align: center;\">Wir freuen uns auf Euch<\/p>\n<p style=\"text-align: center;\">Eure<a href=\"https:\/\/lhg-bw.de\/konstanz\/files\/2023\/10\/LHG-Logo-rechteckig-transparent-wei\u251c\u0192.png\"><img decoding=\"async\" class=\"size-medium wp-image-2958 aligncenter\" src=\"https:\/\/lhg-bw.de\/konstanz\/files\/2023\/10\/LHG-Logo-rechteckig-transparent-wei\u251c\u0192-300x75.png\" alt=\"\" width=\"300\" height=\"75\" srcset=\"https:\/\/lhg-bw.de\/konstanz\/files\/2023\/10\/LHG-Logo-rechteckig-transparent-wei\u251c\u0192-300x75.png 300w, https:\/\/lhg-bw.de\/konstanz\/files\/2023\/10\/LHG-Logo-rechteckig-transparent-wei\u251c\u0192-1024x256.png 1024w, https:\/\/lhg-bw.de\/konstanz\/files\/2023\/10\/LHG-Logo-rechteckig-transparent-wei\u251c\u0192-768x192.png 768w, https:\/\/lhg-bw.de\/konstanz\/files\/2023\/10\/LHG-Logo-rechteckig-transparent-wei\u251c\u0192-1536x384.png 1536w, https:\/\/lhg-bw.de\/konstanz\/files\/2023\/10\/LHG-Logo-rechteckig-transparent-wei\u251c\u0192-2048x512.png 2048w\" sizes=\"(max-width: 300px) 100vw, 300px\" \/><\/a><\/p>\n<p><a href=\"http:\/\/https:\/\/www.youtube.com\/watch?v=MSHk22LXxw4\">http:\/\/https:\/\/www.youtube.com\/watch?v=MSHk22LXxw4<\/a><\/p>\n<h3 style=\"text-align: center;\"><\/h3>\n<h2>Kontakt<\/h2>\n<p>[contact-form to=&#8221;liberale.hsg@uni-konstanz.de&#8221; subject=&#8221;Anfrage &#8211; Kontaktformular &#8220;][contact-field label=&#8221;Name, Vorname &#8221; type=&#8221;name&#8221; required=&#8221;1&#8243;][contact-field label=&#8221;E-Mail&#8221; type=&#8221;email&#8221; required=&#8221;1&#8243;][contact-field label=&#8221;Nachricht&#8221; type=&#8221;textarea&#8221; required=&#8221;1&#8243;][\/contact-form]<\/p>\n<\/div><\/div>","protected":false},"excerpt":{"rendered":"<p>Nach langer Zeit bl\u00fcht unser sch\u00f6ner Campus wieder und wir freuen uns m\u00f6glichst viele von Euch kennenzulernen. Falls auch Du Lust hast, Teil der liberalen Stimme an der Uni Konstanz zu werden, dann schreibe uns doch gerne eine E-Mail an liberale.hsg@uni-konstanz.de oder f\u00fclle das Kontaktformular aus. Wir freuen uns auf Euch Eure Kontakt [contact-form to=&#8221;liberale.hsg@uni-konstanz.de&#8221; [&hellip;]<\/p>\n","protected":false},"author":1092,"featured_media":0,"parent":0,"menu_order":0,"comment_status":"closed","ping_status":"closed","template":"","meta":{"footnotes":""},"class_list":["post-1330","page","type-page","status-publish","hentry"],"_links":{"self":[{"href":"https:\/\/lhg-bw.de\/konstanz\/wp-json\/wp\/v2\/pages\/1330","targetHints":{"allow":["GET"]}}],"collection":[{"href":"https:\/\/lhg-bw.de\/konstanz\/wp-json\/wp\/v2\/pages"}],"about":[{"href":"https:\/\/lhg-bw.de\/konstanz\/wp-json\/wp\/v2\/types\/page"}],"author":[{"embeddable":true,"href":"https:\/\/lhg-bw.de\/konstanz\/wp-json\/wp\/v2\/users\/1092"}],"replies":[{"embeddable":true,"href":"https:\/\/lhg-bw.de\/konstanz\/wp-json\/wp\/v2\/comments?post=1330"}],"version-history":[{"count":52,"href":"https:\/\/lhg-bw.de\/konstanz\/wp-json\/wp\/v2\/pages\/1330\/revisions"}],"predecessor-version":[{"id":3045,"href":"https:\/\/lhg-bw.de\/konstanz\/wp-json\/wp\/v2\/pages\/1330\/revisions\/3045"}],"wp:attachment":[{"href":"https:\/\/lhg-bw.de\/konstanz\/wp-json\/wp\/v2\/media?parent=1330"}],"curies":[{"name":"wp","href":"https:\/\/api.w.org\/{rel}","templated":true}]}}