{"id":460,"date":"2014-09-07T12:55:34","date_gmt":"2014-09-07T11:55:34","guid":{"rendered":"http:\/\/lhg-bw.de\/tuebingen\/?page_id=460"},"modified":"2020-10-08T19:52:27","modified_gmt":"2020-10-08T18:52:27","slug":"was-macht-ihr-eigentlich","status":"publish","type":"page","link":"https:\/\/lhg-bw.de\/tuebingen\/aktuelles\/was-macht-ihr-eigentlich\/","title":{"rendered":"&#8220;Was machen wir eigentlich?&#8221;"},"content":{"rendered":"<div id=\"dslc-theme-content\"><div id=\"dslc-theme-content-inner\"><p>&#8220;Was macht ihr eigentlich?&#8221; ist wohl die Frage, die uns die meisten Leute stellen, wenn sie zum ersten Mal von uns h\u00f6ren. Gleichzeitig ist diese Frage gar nicht so leicht zu beantworten, weil alles, was wir machen, sehr stark davon abh\u00e4ngt, wozu unsere Mitglieder Lust haben. Bestimmte Aufgaben sind allerdings\u00a0typisch f\u00fcr uns als politische Hochschulgruppe:<\/p>\n<p>&nbsp;<\/p>\n<p><strong>1. Ideen f\u00fcr eine bessere Uni\u00a0entwickeln<\/strong><\/p>\n<p>Grunds\u00e4tzlich ist unser Ziel als politische Hochschulgruppe, die Interessen aller T\u00fcbinger Studenten gegen\u00fcber der Uni, der Stadt und der \u00d6ffentlichkeit zu vertreten. Als Liberale sind uns dabei bestimmte Werte wie Freiheit, Eigenverantwortung, Transparenz, Toleranz oder Datenschutz besonders wichtig. Konkret hei\u00dft das zum Beispiel, dass wir uns f\u00fcr einen transparenten Umgang deiner Semesterbeitr\u00e4ge\u00a0in der Studierendenvertretung einsetzen, indem wir die Ver\u00f6ffentlichung von Haushaltspl\u00e4nen und allen Entscheidungen auf der Homepage der Studierendenvertretung fordern. Au\u00dferdem\u00a0sind wir die einzige Hochschulgruppe, die gegen ein f\u00fcr alle Studenten verpflichtendes landesweites Semesterticket k\u00e4mpft, bei dem alle\u00a0Studenten sehr viel Geld zahlen m\u00fcssen, egal ob sie\u00a0das Ticket brauchen oder nicht.<\/p>\n<p>Wie du siehst, ist es f\u00fcr uns also eine <strong>zentrale Aufgabe, Inhalte oder Ideen zu entwickeln, mit denen wir Verbesserungen f\u00fcr dich erreichen k\u00f6nnen<\/strong>. Dazu erstellen\u00a0wir beispielsweise <strong>Online-Umfragen<\/strong> und\u00a0<strong>organisieren Diskussionsveranstaltungen<\/strong> mit Referenten oder anderen politischen Hochschulgruppen. <strong>Die meisten Ideen kommen aber von unseren Mitgliedern selbst,<\/strong> die pers\u00f6nlich oder \u00fcber Freunde von Missst\u00e4nden erfahren haben.<\/p>\n<p>&nbsp;<\/p>\n<p><strong>2.\u00a0Um Mehrheiten f\u00fc<\/strong><strong>r unsere Ideen\u00a0werben &#8211; der Wahlkampf<\/strong><\/p>\n<p>Selbst die beste Idee wird niemals Realit\u00e4t, wenn man in den zust\u00e4ndigen Gremien keine Mehrheit daf\u00fcr findet. Voraussetzung hierf\u00fcr ist oftmals \u00fcberhaupt in den entsprechenden Gremien vertreten zu sein &#8211; deshalb treten wir bei den<strong> j\u00e4hrlichen Wahlen zum Senat (h\u00f6chstes beschlussfassendes Gremium der Uni) und zum Studierendenrat (h\u00f6chstes beschlussfassendes Gremium der Studierendenvertretung)<\/strong> an.<\/p>\n<p><strong>Im Wahlkampf gilt es m\u00f6glichst viele Studenten davon zu \u00fcberzeugen, dass wir die besten Ideen und die besten K\u00f6pfe haben<\/strong>. Dabei ist der Kreativit\u00e4t keine Grenze gesetzt. Ob mit Flyern und Plakaten, auf Infoveranstaltungen und an Infost\u00e4nden, via Facebook und die Homepage oder durch besondere Aktionen. F\u00fcr unseren Wahlkampf nutzen wir fast alle Kan\u00e4le, um m\u00f6glichst viele Menschen zu \u00fcberzeugen ihr Kreuzchen bei der LHG zu machen.<\/p>\n<p>&nbsp;<\/p>\n<p><strong>3. Ideen umsetzen &#8211; die Gremienarbeit<\/strong><\/p>\n<p>Innerhalb der Gremien (Studierendenrat, Senat etc.) werden viele Ideen besprochen, vorangetrieben oder verworfen. Als LHG bringen wir uns bei Themen ein, f\u00fcr die sich unsere Mitglieder interessieren oder die wir als besonders wichtig erachten. Normalerweise trifft beides zu. \ud83d\ude09 In der Regel sind das eine Vielzahl von Arbeitskreisen, Projektgruppen oder Gremien. <strong>Dort suchen wir dann gemeinsam mit anderen Gruppen nach Wegen, um unsere Ideen oder auch gute Ideen anderer Hochschulgruppen im Interesse der Studenten umzusetzen<\/strong>. Nicht immer ist das erfolgreich, aber daf\u00fcr umso motivierender, wenn man tats\u00e4chlich etwas erreicht.<\/p>\n<p>&nbsp;<\/p>\n<p><strong>4. Liberale Bildungsarbeit<\/strong><\/p>\n<p>Neben der Entwicklung um Umsetzung von Ideen, ist die &#8220;liberale Bildungsarbeit&#8221; eine wichtige S\u00e4ule unserer Arbeit. Darunter fallen alle Aktionen oder Veranstaltungen, bei denen wir mit externen Experten, \u00fcber ganz unterschiedliche Themen diskutieren. <strong>So haben wir uns im Sommer 2017 auf einer Kryptoparty mit dem Verein f\u00fcr liberale Netzpolitik LOAD e.V.\u00a0 ganz praktisch mit dem Thema Datenschutz auseinander gesetzt. Im Rahmen dieser Aufgabe sehen wir auch unser Engagement bei der <a href=\"http:\/\/mrw-tuebingen.de\/\">Menschrechtswoche T\u00fcbingen<\/a>. Im Rahmen dieser Aktionswoche setzen zahlreiche Studenteninitiativen in T\u00fcbingen ein Zeichen und sorgen daf\u00fcr, dass das Thema Menschenrechte mit Diskussionen, Workshops, Vortr\u00e4gen, Poetry Slams und anderen Veranstaltungen pr\u00e4sent bleibt. <\/strong>F\u00fcr die Zukunft gibt es auch wieder spannende Ideen zu ganz unterschiedlichen Themen. Jedes Mitglied ist dabei frei Vorschl\u00e4ge zu \u00e4u\u00dfern!<\/p>\n<p>&nbsp;<\/p>\n<p><strong>5. Landes- und Bundesverband der LHG &#8211; ein wichtiges Netzwerk<\/strong><\/p>\n<p>\u00dcber den Landes- und Bundesverband stehen uns zudem <strong>viele Veranstaltungen im ganzen Bundesgebiet, Werbemittel, Gelder und auch know-how zur Verf\u00fcgung, das f\u00fcr uns vor Ort sehr wichtig ist, aber insbesondere auch f\u00fcr alle, die sich intensiver mit Bildungspolitik auch auf Landes- und Bundesebene besch\u00e4ftigen wollen.<\/strong> In der Vergangenheit haben Mitglieder von uns dabei sehr regelm\u00e4\u00dfig wichtige Positionen auf \u00fcberregionaler Ebene bekleidet und konnten von dort wichtige Impulse f\u00fcr unsere Arbeit mitnehmen.<\/p>\n<p>&nbsp;<\/p>\n<p><strong>6. Spa\u00df haben!<\/strong><\/p>\n<p>Wir sind der \u00dcberzeugung, dass ehrenamtliches Engagement nur dann funktioniert, wenn man auch wirklich Spa\u00df hat. Deshalb sind Weihnachtsfeiern, Stocherkahnfahrten oder gemeinsames Grillen wichtiger Bestandteil unseres Engagements. Oft kommen uns gerade hier gute kreative Ideen f\u00fcr neue Projekte oder Aktionen!<\/p>\n<\/div><\/div>","protected":false},"excerpt":{"rendered":"<p>&#8220;Was macht ihr eigentlich?&#8221; ist wohl die Frage, die uns die meisten Leute stellen, wenn sie zum ersten Mal von uns h\u00f6ren. Gleichzeitig ist diese Frage gar nicht so leicht zu beantworten, weil alles, was wir machen, sehr stark davon abh\u00e4ngt, wozu unsere Mitglieder Lust haben. Bestimmte Aufgaben sind allerdings\u00a0typisch f\u00fcr uns als politische Hochschulgruppe: [&hellip;]<\/p>\n","protected":false},"author":306,"featured_media":0,"parent":89,"menu_order":2,"comment_status":"open","ping_status":"closed","template":"","meta":{"footnotes":""},"class_list":["post-460","page","type-page","status-publish","hentry"],"_links":{"self":[{"href":"https:\/\/lhg-bw.de\/tuebingen\/wp-json\/wp\/v2\/pages\/460","targetHints":{"allow":["GET"]}}],"collection":[{"href":"https:\/\/lhg-bw.de\/tuebingen\/wp-json\/wp\/v2\/pages"}],"about":[{"href":"https:\/\/lhg-bw.de\/tuebingen\/wp-json\/wp\/v2\/types\/page"}],"author":[{"embeddable":true,"href":"https:\/\/lhg-bw.de\/tuebingen\/wp-json\/wp\/v2\/users\/306"}],"replies":[{"embeddable":true,"href":"https:\/\/lhg-bw.de\/tuebingen\/wp-json\/wp\/v2\/comments?post=460"}],"version-history":[{"count":11,"href":"https:\/\/lhg-bw.de\/tuebingen\/wp-json\/wp\/v2\/pages\/460\/revisions"}],"predecessor-version":[{"id":1580,"href":"https:\/\/lhg-bw.de\/tuebingen\/wp-json\/wp\/v2\/pages\/460\/revisions\/1580"}],"up":[{"embeddable":true,"href":"https:\/\/lhg-bw.de\/tuebingen\/wp-json\/wp\/v2\/pages\/89"}],"wp:attachment":[{"href":"https:\/\/lhg-bw.de\/tuebingen\/wp-json\/wp\/v2\/media?parent=460"}],"curies":[{"name":"wp","href":"https:\/\/api.w.org\/{rel}","templated":true}]}}